{"id":582,"date":"2010-01-21T17:50:41","date_gmt":"2010-01-21T17:50:41","guid":{"rendered":"http:\/\/www.rafaxambo.net\/?post_type=product&#038;p=582"},"modified":"2018-05-01T09:16:53","modified_gmt":"2018-05-01T09:16:53","slug":"andanes","status":"publish","type":"product","link":"http:\/\/www.rafaxambo.net\/?product=andanes","title":{"rendered":"Andanes"},"content":{"rendered":"<p>Diu <strong>Pere Rovira<\/strong> -un poeta que aprecie molt- <em>que viatgem per oblidar, per curar-nos d\u2019un mal any o d\u2019una mala nit, per esborrar una cara que hem vist massa, o una cara que ja no veurem m\u00e9s, per no saber qui som, per trobar espills nous. I viatgem per tornar a casa. No sempre viatgem per ser feli\u00e7os. Potser esperem que el viatge siga una mort curta i inofensiva, un su\u00efcidi ben\u00e8vol que ens far\u00e0 ressuscitar en una habitaci\u00f3 d\u2019hotel, sense cap m\u00e9s obligaci\u00f3 que contemplar la reproducci\u00f3 d\u2019una pintura de Monet que penja de la paret, aquella de les flors surant en l\u2019aigua de l\u2019estany, sense cap m\u00e9s obligaci\u00f3 que escoltar la pluja mentre esperem que arriben les can\u00e7ons.<\/em><br \/>\n<em>Aquestes s\u00f3n les can\u00e7ons que vaig trobar en el viatge.<\/em><\/p>\n<p>I <strong>Manel Rodr\u00edguez-Castell\u00f3<\/strong> ha escrit:<br \/>\n<em>El viatge de Rafa Xamb\u00f3 pot comen\u00e7ar entre el fred dels dies curts de l&#8217;hivern de Glasgow, mentre sent davallar bocins de mem\u00f2ria per les aig\u00fces del Clyde, i acabar amb la tornada a casa a Val\u00e8ncia, ciutat dels clarobscurs, pa\u00eds de derrotes i tamb\u00e9 d&#8217;esfor\u00e7ades esperances. <\/em><br \/>\n<em>Sense defallen\u00e7a, sempre amb la can\u00e7\u00f3 a flor de llavis, sempre amb la paraula per bandera i la guitarra en bandolera, sempre comprom\u00e8s amb una revolta que no renuncia a l&#8217;alegria, i aix\u00f2 que ens n&#8217;emportarem per davant. <\/em><br \/>\n<em>I encara \u00e9s \u00e0vid d&#8217;horitzons, personals i col\u00b7lectius, per batre. I mentre hi haur\u00e0 can\u00e7ons, hi haur\u00e0 esperances.<\/em><\/p>\n<p><iframe loading=\"lazy\" style=\"border: 0; width: 100%; height: 120px;\" src=\"https:\/\/bandcamp.com\/EmbeddedPlayer\/album=2985127562\/size=large\/bgcol=ffffff\/linkcol=0687f5\/tracklist=false\/artwork=small\/transparent=true\/\" width=\"300\" height=\"150\" seamless=\"\"><a href=\"http:\/\/rafaxambo.bandcamp.com\/album\/andanes\">Andanes by Rafa Xamb\u00f3<\/a><\/iframe><\/p>\n<p><a href=\"http:\/\/www.rafaxambo.net\/recursos\/andanes.pdf\"><img loading=\"lazy\" class=\"alignnone size-full wp-image-695\" src=\"http:\/\/www.rafaxambo.net\/wp-content\/uploads\/2018\/04\/lletres.jpg\" alt=\"\" width=\"100\" height=\"20\" \/><\/a> <a href=\"http:\/\/www.rafaxambo.net\/recursos\/dpandanes.pdf\"><img loading=\"lazy\" class=\"alignnone size-full wp-image-696\" src=\"http:\/\/www.rafaxambo.net\/wp-content\/uploads\/2018\/04\/recull.jpg\" alt=\"\" width=\"100\" height=\"20\" \/><\/a><\/p>\n","protected":false},"excerpt":{"rendered":"<p>Diu Pere Rovira -un poeta que aprecie molt- que viatgem per oblidar, per curar-nos d\u2019un mal any o d\u2019una mala nit, per esborrar una cara que hem vist massa, o una cara que ja no veurem m\u00e9s, per no saber qui som, per trobar espills&#8230;<\/p>\n","protected":false},"featured_media":584,"template":"","meta":[],"_links":{"self":[{"href":"http:\/\/www.rafaxambo.net\/index.php?rest_route=\/wp\/v2\/product\/582"}],"collection":[{"href":"http:\/\/www.rafaxambo.net\/index.php?rest_route=\/wp\/v2\/product"}],"about":[{"href":"http:\/\/www.rafaxambo.net\/index.php?rest_route=\/wp\/v2\/types\/product"}],"wp:featuredmedia":[{"embeddable":true,"href":"http:\/\/www.rafaxambo.net\/index.php?rest_route=\/wp\/v2\/media\/584"}],"wp:attachment":[{"href":"http:\/\/www.rafaxambo.net\/index.php?rest_route=%2Fwp%2Fv2%2Fmedia&parent=582"}],"curies":[{"name":"wp","href":"https:\/\/api.w.org\/{rel}","templated":true}]}}

<p>Diu <strong>Pere Rovira</strong> -un poeta que aprecie molt- <em>que viatgem per oblidar, per curar-nos d’un mal any o d’una mala nit, per esborrar una cara que hem vist massa, o una cara que ja no veurem més, per no saber qui som, per trobar espills nous. I viatgem per tornar a casa. No sempre viatgem per ser feliços. Potser esperem que el viatge siga una mort curta i inofensiva, un suïcidi benèvol que ens farà ressuscitar en una habitació d’hotel, sense cap més obligació que contemplar la reproducció d’una pintura de Monet que penja de la paret, aquella de les flors surant en l’aigua de l’estany, sense cap més obligació que escoltar la pluja mentre esperem que arriben les cançons.</em><br />
<em>Aquestes són les cançons que vaig trobar en el viatge.</em></p>
<p>I <strong>Manel Rodríguez-Castelló</strong> ha escrit:<br />
<em>El viatge de Rafa Xambó pot començar entre el fred dels dies curts de l&#8217;hivern de Glasgow, mentre sent davallar bocins de memòria per les aigües del Clyde, i acabar amb la tornada a casa a València, ciutat dels clarobscurs, país de derrotes i també d&#8217;esforçades esperances. </em><br />
<em>Sense defallença, sempre amb la cançó a flor de llavis, sempre amb la paraula per bandera i la guitarra en bandolera, sempre compromès amb una revolta que no renuncia a l&#8217;alegria, i això que ens n&#8217;emportarem per davant. </em><br />
<em>I encara és àvid d&#8217;horitzons, personals i col·lectius, per batre. I mentre hi haurà cançons, hi haurà esperances.</em></p>
<p><iframe loading="lazy" style="border: 0; width: 100%; height: 120px;" src="https://bandcamp.com/EmbeddedPlayer/album=2985127562/size=large/bgcol=ffffff/linkcol=0687f5/tracklist=false/artwork=small/transparent=true/" width="300" height="150" seamless=""><a href="http://rafaxambo.bandcamp.com/album/andanes">Andanes by Rafa Xambó</a></iframe></p>
<p><a href="http://www.rafaxambo.net/recursos/andanes.pdf"><img loading="lazy" class="alignnone size-full wp-image-695" src="http://www.rafaxambo.net/wp-content/uploads/2018/04/lletres.jpg" alt="" width="100" height="20" /></a> <a href="http://www.rafaxambo.net/recursos/dpandanes.pdf"><img loading="lazy" class="alignnone size-full wp-image-696" src="http://www.rafaxambo.net/wp-content/uploads/2018/04/recull.jpg" alt="" width="100" height="20" /></a></p>

<p>Diu Pere Rovira -un poeta que aprecie molt- que viatgem per oblidar, per curar-nos d’un mal any o d’una mala nit, per esborrar una cara que hem vist massa, o una cara que ja no veurem més, per no saber qui som, per trobar espills&#8230;</p>
