{"id":587,"date":"2002-01-21T17:56:18","date_gmt":"2002-01-21T17:56:18","guid":{"rendered":"http:\/\/www.rafaxambo.net\/?post_type=product&#038;p=587"},"modified":"2018-05-01T09:14:20","modified_gmt":"2018-05-01T09:14:20","slug":"rafa-xambo-i-la-fusteria","status":"publish","type":"product","link":"http:\/\/www.rafaxambo.net\/?product=rafa-xambo-i-la-fusteria","title":{"rendered":"Rafa Xamb\u00f3 i la fusteria &#8211; 7 Ac\u00fastics"},"content":{"rendered":"<p>El dia 31 de maig de 2002, a les 6 de la vesprada, comen\u00e7\u00e0rem aquesta gravaci\u00f3 als Estudis Samaruc d\u2019Algemes\u00ed (Ribera Alta). Bernat Pellicer havia disposat els micros i comandava la taula. El prop\u00f2sit era que la gravaci\u00f3 f\u00f3ra fidel als nostres directes. Per aix\u00f2, f\u00e9rem junts tots els temes.<br \/>\nHem optat per un enregistrament ac\u00fastic, perqu\u00e8 vol\u00edem mostrar aquestes can\u00e7ons de la manera m\u00e9s senzilla.<br \/>\nUna nit intensa i memorable per a nosaltres. Una nit a prop del riu Magre i el riu Xuquer guitarrejant i cantant. A la matinada, tot estava ja com podreu escoltar.<br \/>\nSi passeu una bona estona escoltant les set can\u00e7ons que us oferim, nosaltres ens donarem per satisfets.<br \/>\n<Br><br \/>\n<iframe loading=\"lazy\" style=\"border: 0; width: 100%; height: 120px;\" src=\"https:\/\/bandcamp.com\/EmbeddedPlayer\/album=4114085973\/size=large\/bgcol=ffffff\/linkcol=0687f5\/tracklist=false\/artwork=small\/transparent=true\/\" width=\"300\" height=\"150\" seamless=\"\"><a href=\"http:\/\/rafaxambo.bandcamp.com\/album\/rafa-xamb-i-la-fusteria\">Rafa Xamb\u00f3 i la fusteria by Rafa Xamb\u00f3<\/a><\/iframe><\/p>\n<p><a href=\"http:\/\/www.rafaxambo.net\/recursos\/7acustics.pdf\"><img loading=\"lazy\" class=\"alignnone size-full wp-image-695\" src=\"http:\/\/www.rafaxambo.net\/wp-content\/uploads\/2018\/04\/lletres.jpg\" alt=\"\" width=\"100\" height=\"20\" \/><\/a> <a href=\"http:\/\/www.rafaxambo.net\/recursos\/dp6acustics.pdf\"><img loading=\"lazy\" class=\"alignnone size-full wp-image-696\" src=\"http:\/\/www.rafaxambo.net\/wp-content\/uploads\/2018\/04\/recull.jpg\" alt=\"\" width=\"100\" height=\"20\" \/><\/a><\/p>\n","protected":false},"excerpt":{"rendered":"<p>El dia 31 de maig de 2002, a les 6 de la vesprada, comen\u00e7\u00e0rem aquesta gravaci\u00f3 als Estudis Samaruc d\u2019Algemes\u00ed (Ribera Alta). Bernat Pellicer havia disposat els micros i comandava la taula. El prop\u00f2sit era que la gravaci\u00f3 f\u00f3ra fidel als nostres directes. Per aix\u00f2,&#8230;<\/p>\n","protected":false},"featured_media":588,"template":"","meta":[],"_links":{"self":[{"href":"http:\/\/www.rafaxambo.net\/index.php?rest_route=\/wp\/v2\/product\/587"}],"collection":[{"href":"http:\/\/www.rafaxambo.net\/index.php?rest_route=\/wp\/v2\/product"}],"about":[{"href":"http:\/\/www.rafaxambo.net\/index.php?rest_route=\/wp\/v2\/types\/product"}],"wp:featuredmedia":[{"embeddable":true,"href":"http:\/\/www.rafaxambo.net\/index.php?rest_route=\/wp\/v2\/media\/588"}],"wp:attachment":[{"href":"http:\/\/www.rafaxambo.net\/index.php?rest_route=%2Fwp%2Fv2%2Fmedia&parent=587"}],"curies":[{"name":"wp","href":"https:\/\/api.w.org\/{rel}","templated":true}]}}

Rafa Xambó i la fusteria &#8211; 7 Acústics

<p>El dia 31 de maig de 2002, a les 6 de la vesprada, començàrem aquesta gravació als Estudis Samaruc d’Algemesí (Ribera Alta). Bernat Pellicer havia disposat els micros i comandava la taula. El propòsit era que la gravació fóra fidel als nostres directes. Per això, férem junts tots els temes.<br />
Hem optat per un enregistrament acústic, perquè volíem mostrar aquestes cançons de la manera més senzilla.<br />
Una nit intensa i memorable per a nosaltres. Una nit a prop del riu Magre i el riu Xuquer guitarrejant i cantant. A la matinada, tot estava ja com podreu escoltar.<br />
Si passeu una bona estona escoltant les set cançons que us oferim, nosaltres ens donarem per satisfets.<br />
<Br><br />
<iframe loading="lazy" style="border: 0; width: 100%; height: 120px;" src="https://bandcamp.com/EmbeddedPlayer/album=4114085973/size=large/bgcol=ffffff/linkcol=0687f5/tracklist=false/artwork=small/transparent=true/" width="300" height="150" seamless=""><a href="http://rafaxambo.bandcamp.com/album/rafa-xamb-i-la-fusteria">Rafa Xambó i la fusteria by Rafa Xambó</a></iframe></p>
<p><a href="http://www.rafaxambo.net/recursos/7acustics.pdf"><img loading="lazy" class="alignnone size-full wp-image-695" src="http://www.rafaxambo.net/wp-content/uploads/2018/04/lletres.jpg" alt="" width="100" height="20" /></a> <a href="http://www.rafaxambo.net/recursos/dp6acustics.pdf"><img loading="lazy" class="alignnone size-full wp-image-696" src="http://www.rafaxambo.net/wp-content/uploads/2018/04/recull.jpg" alt="" width="100" height="20" /></a></p>

<p>El dia 31 de maig de 2002, a les 6 de la vesprada, començàrem aquesta gravació als Estudis Samaruc d’Algemesí (Ribera Alta). Bernat Pellicer havia disposat els micros i comandava la taula. El propòsit era que la gravació fóra fidel als nostres directes. Per això,&#8230;</p>
